atest common divisor of 17 and v.
17
Suppose -33 + 105 = 2*w. Let j be (-55)/(-4)*2*10. Suppose 224 + 7 = 4*g + 3*l, l = -5*g + j. Calculate the greatest common factor of g and w.
18
Suppose -3*f = 0, 4*s + 2*f - 20 = -f. Let k be (-2 - -1)/((-4)/(-8)). Let g = s + k. What is the greatest common divisor of 24 and g?
3
Suppose -2*y + 6*y = 0. Let q(f) = f**2 + f + 4. Let n be q(y). Suppose 0 = -8*h + n*h + 36. What is the greatest common factor of h and 9?
9
Let w(k) = k**2 + 7*k + 12. Let q be w(-12). Calculate the greatest common divisor of 12 and q.
12
Let q be -15*(12/9)/(-2). Suppose -4*c + q = l, -2*c + 1 = -l - 1. Calculate the highest common factor of l and 3.
1
Suppose -u - 4*u = 15, 0 = -l - 5*u + 49. Suppose 5*m - 48 = -w, 3*w + 0*m - m - l = 0. What is the highest common divisor of w and 69?
23
Suppose 3*t + 3*n = -93, 4*t + 5*n + 124 = -0*n. Let y = t - -163. Let v(d) = -3*d - 12. Let z be v(-8). What is the greatest common factor of z and y?
12
Suppose 32 = 4*g - 4. Calculate the greatest common divisor of g and 6.
3
Let p = -17 + 35. Suppose 0 = b + 2 - p. Let f be -1*-6*(7 - -1). Calculate the highest common divisor of b and f.
16
Suppose 0*j - 2*j = -48. Suppose 0 = -5*u, -3*n - 4*u + 48 = n. What is the highest common factor of n and j?
12
Let b be (0 - -20)*20/16. Calculate the greatest common divisor of b and 5.
5
Suppose 0*y = -2*y + 4. Suppose 0 = y*q + x - 69, 0*q = -q - 2*x + 39. What is the highest common divisor of q and 3?
3
Suppose -m + 3*j + 2 = 0, -2*m - 4*j + 44 = -0*j. What is the greatest common factor of 63 and m?
7
Let d = -11 - -23. Calculate the highest common factor of 108 and d.
12
Let z = 167 + -95. What is the greatest common factor of z and 8?
8
Let t = -18 + 27. Suppose -p - p + 10 = 0, -2*q = -4*p + 10. Suppose q*x - 33 = -2*g, 2*x + 12 = 2*g - 0*x. Calculate the highest common factor of t and g.
9
Suppose -a = 1 - 3, 4*g + a = 306. Calculate the greatest common factor of g and 19.
19
Suppose 4*i - 157 = -a, 80 + 9 = 2*i - 3*a. What is the highest common divisor of i and 5?
5
Let g(d) = d**2 - 2*d - 1. Let n be g(-3). What is the greatest common factor of n and 91?
7
Let p = 15 - 11. Let j(l) = 3*l - 4. Let k be j(p). Calculate the greatest common factor of 88 and k.
8
Let c = 100 - 52. Suppose -5*s + 6 = -4*s. Calculate the highest common divisor of c and s.
6
Suppose -74 = -3*l + 2*s, -l + 0*s + 23 = -s. What is the greatest common factor of l and 70?
14
Suppose 3*n - 15 = 0, -14 = -2*r + 3*n - n. What is the highest common divisor of r and 48?
12
Suppose -5*i + 1 = -19. Suppose 132 = -2*z + 5*z. What is the highest common factor of z and i?
4
Suppose d - 46 = -19. What is the highest common divisor of d and 216?
27
Suppose -4*o + 5*j + 103 + 37 = 0, 4*o - 2*j - 128 = 0. Let r = 14 - 18. Let u be 0 - (-46 - 4/r). What is the greatest common divisor of o and u?
15
Suppose -2*q + 197 = 113. What is the greatest common factor of 21 and q?
21
Suppose 0 = 2*q - 2*z - 2*z - 32, -q + 22 = -4*z. What is the greatest common factor of 2 and q?
2
Let w be -1 + 3 + (1 - -6). Suppose -w = -2*d + 3. What is the greatest common divisor of 12 and d?
6
Let k(v) = v - 4. Let r be k(9). Let h be (-28 - 0)/(-7 + r). What is the greatest common divisor of 2 and h?
2
Let v(r) = 1 + 27*r - 31*r - 2. Let t be v(-1). What is the highest common divisor of 1 and t?
1
Suppose -6*o + o + 52 = 4*q, -5*o = -4*q + 12. Suppose -4*g + 419 - 131 = 0. What is the highest common divisor of g and q?
8
Suppose 2*m - 12 = -0*n + n, -2*n = 3*m - 18. Calculate the highest common divisor of 4 and m.
2
Suppose 0 = -4*j - n, 2*j + n - 5*n = 18. Let u = 20 + -11. Calculate the greatest common factor of j and u.
1
Let y = -12 - -21. Let k = 8 - -2. Let r = 46 - k. What is the greatest common divisor of r and y?
9
Let r be 0 - 12/(-3) - 2. Suppose 0 = -2*d + 6 - r. Let z = 3 - 2. Calculate the highest common divisor of d and z.
1
Let o be -1 + 7 + 0/3. Let b be (o/15)/(1/(-35)). Let z = 34 + b. What is the highest common factor of 140 and z?
20
Suppose 0*q = 3*r + 2*q + 1, 5*r - 25 = 2*q. Suppose 10 = -r*u + 2*u. Let x be 28/5 + (-4)/u. What is the highest common divisor of 2 and x?
2
Suppose 3*c - 6 = 24. Suppose 295 = -3*z + y, -101 = z - y - 0*y. Let p = z - -167. What is the highest common factor of p and c?
10
Let z be 6*4/8 + 3. Suppose 5 = g - 4*g - 2*j, 2*g + 2*j = -z. What is the highest common factor of g and 2?
1
Let m be 1/(-5) + 1/5. Suppose m*r = 2*r - 3*u - 80, -116 = -4*r - 5*u. Calculate the greatest common factor of r and 85.
17
Suppose 2*o - 52 + 0 = 2*u, -4*o = -20. Let y be 0 - (2 - (1 - u)). Calculate the greatest common divisor of 4 and y.
4
Suppose 0 = 3*u + m - 16, -4*u + 3*m + 16 = -1. Suppose -2*k - 9 = -u*k. Calculate the highest common divisor of k and 9.
3
Suppose -37 = -2*l + 3. Let d = 23 - l. What is the highest common divisor of 2 and d?
1
Suppose 17*t = 16*t + 1. What is the highest common factor of t and 7?
1
Let r be 2/(-3) + (-26)/(-3). Let m(o) = 4*o**2 - 10*o + 11. Let i be m(r). What is the highest common factor of i and 17?
17
Suppose 0 = 8*z - 4*z + u - 610, 2*u - 761 = -5*z. Calculate the greatest common factor of 102 and z.
51
Let l = -3 + 15. Suppose -22 = -j + 4*k, -5*j + 3*k + 15 = 2*k. Suppose j*s = 8, 5*a - 2*s - 54 = 58. Calculate the greatest common divisor of a and l.
12
Let m be 3/7 - (3012/14)/(-2). Calculate the greatest common divisor of 12 and m.
12
Let s be (360/(-28))/((-6)/28). What is the greatest common factor of 90 and s?
30
Let c(a) be the third derivative of 25*a**4/24 + a**3/3 - 2*a**2. Let z be c(3). Let j = 15 - 4. Calculate the highest common divisor of z and j.
11
Let s(i) = -i**2 - 10*i - 10. Let x be s(-6). Calculate the highest common divisor of 126 and x.
14
Suppose 0 = u - f - 168, 4*f - f = -2*u + 321. What is the greatest common divisor of 15 and u?
15
Suppose 0 = 3*y - 48. Let w = 3 + 13. Calculate the highest common factor of w and y.
16
Let t be (2 + 2/3)*57/38. What is the highest common factor of t and 28?
4
Let t = -9 - -23. Let l be (-24)/14*-1*t. Calculate the highest common divisor of l and 16.
8
Suppose -115 = -5*g + 5*m, 0 = -3*g - 5*m + 29 + 40. What is the greatest common factor of 23 and g?
23
Let w = -5 + 26. Suppose 5*g - g + 36 = 0. Let n be 3*4/(-6) - g. Calculate the greatest common factor of w and n.
7
Let v(i) = 60*i - 26. Let f(u) = 20*u - 9. Let l(c) = -11*f(c) + 4*v(c). Let n be l(2). What is the highest common divisor of n and 14?
7
Let q(p) be the first derivative of 5*p**2/2 + p + 3. Let a be q(5). Calculate the highest common divisor of 65 and a.
13
Let l(r) = 5*r**3 - r**2 + r. Let z be l(1). What is the greatest common factor of 15 and z?
5
Suppose 25*x - 435 = 20*x. Calculate the greatest common factor of x and 29.
29
Suppose -4*s + 16 = 0, 3*s = 3*b + 31 - 133. Let f be 2/(-4 - b/(-9)). Calculate the greatest common divisor of 63 and f.
9
Let j(b) = -46*b**2 - 3*b - 2. Let k be j(-1). Let f be ((-16)/3)/(10/k). Calculate the greatest common divisor of 60 and f.
12
Suppose -4*u + 2 + 18 = 0. Suppose -u*n + 160 = -20. What is the highest common factor of n and 24?
12
Let b(v) = -v**3 - 4*v - 3. Let n be b(-2). Let c = 49 - -81. Calculate the highest common factor of n and c.
13
Let m = 17 + -9. Let h = m - 1. Calculate the highest common divisor of 1 and h.
1
Suppose 2*c - 105 = -3*c. Let i = -23 - -233. What is the highest common factor of i and c?
21
Suppose -5*c + 37 = -3*r - 107, -c - 5*r = -40. Calculate the highest common factor of 60 and c.
30
Let s = -3 - -2. Let p be (22 - -4)*s/(-2). Let m = 102 - 50. What is the greatest common factor of p and m?
13
Let v = -9 + 13. Suppose -13*c + 28 = -6*c. Calculate the highest common divisor of v and c.
4
Suppose -3*z - 6 = 3, 2*r = z - 41. Let j = -2 - r. Calculate the highest common divisor of j and 10.
10
Let z(u) = -3*u**3 - u**2. Let g be z(1). Let t be (-3 - g)*-1 - -3. Suppose -48 = -4*x + t*x. What is the highest common factor of x and 60?
12
Let n = 8 - 4. Suppose -n*f - f = -55. Let x = 147 - 70. What is the greatest common divisor of f and x?
11
Let v be 4/(-18) - 1475/45. Let t be v/(-44) - 186/(-8). Calculate the highest common factor of t and 6.
6
Let b(y) = y**3 - 17*y**2 